{"id":260,"date":"2020-03-24T13:22:37","date_gmt":"2020-03-24T13:22:37","guid":{"rendered":"http:\/\/evolutionhypnose.com\/wordpress\/?page_id=260"},"modified":"2026-03-25T15:20:22","modified_gmt":"2026-03-25T15:20:22","slug":"deuil-divorce-separation","status":"publish","type":"page","link":"http:\/\/evolutionhypnose.com\/wordpress\/?page_id=260","title":{"rendered":"Deuil, divorce, s\u00e9paration"},"content":{"rendered":"\n<div class=\"wp-block-media-text alignwide\" style=\"grid-template-columns:38% auto\"><figure class=\"wp-block-media-text__media\"><img decoding=\"async\" src=\"http:\/\/www.evolutionhypnose.com\/images\/veedub_on_rocks.jpg?crc=3782652653\" alt=\"Deuil, divroce, s\u00e9paration\"\/><\/figure><div class=\"wp-block-media-text__content\">\n<p class=\"has-medium-font-size\"> Faire le deuil d&#8217;un \u00eatre cher, d&#8217;une relation, ou m\u00eame d&#8217;un moment de sa vie&#8230; l&#8217;hypnose vous permet de prendre de la distance, pour retrouver un \u00e9quilibre \u00e9motionnel et pouvoir se tourner vers l&#8217;avenir. <\/p>\n<\/div><\/div>\n\n\n\n<p class=\"has-medium-font-size\">Le principe n&#8217;est pas d&#8217;oublier, nous gardons bien \u00e9videmment nos souvenirs. Le but est de pouvoir se lib\u00e9rer des \u00e9motions d\u00e9sagr\u00e9ables li\u00e9es \u00e0 cet \u00e9v\u00e9nement, pour ainsi tourner la page et vers un futur positif.<\/p>\n\n\n\n<p class=\"has-text-align-center has-white-color has-vivid-cyan-blue-background-color has-text-color has-background has-link-color has-large-font-size wp-elements-5ab944922078714d492c86d135f42448\"><strong><a href=\"https:\/\/evolutionhypnose.com\/wordpress\/?page_id=82\" data-type=\"link\" data-id=\"https:\/\/evolutionhypnose.com\/wordpress\/?page_id=82\">Prenez rendez-vous<\/a><\/strong><\/p>\n","protected":false},"excerpt":{"rendered":"<p>Faire le deuil d&#8217;un \u00eatre cher, d&#8217;une relation, ou m\u00eame d&#8217;un moment de sa vie&#8230; l&#8217;hypnose vous permet de prendre de la distance, pour retrouver un \u00e9quilibre \u00e9motionnel et pouvoir&#8230;<\/p>\n","protected":false},"author":2,"featured_media":0,"parent":0,"menu_order":0,"comment_status":"closed","ping_status":"closed","template":"","meta":{"footnotes":""},"class_list":["post-260","page","type-page","status-publish","hentry"],"_links":{"self":[{"href":"http:\/\/evolutionhypnose.com\/wordpress\/index.php?rest_route=\/wp\/v2\/pages\/260","targetHints":{"allow":["GET"]}}],"collection":[{"href":"http:\/\/evolutionhypnose.com\/wordpress\/index.php?rest_route=\/wp\/v2\/pages"}],"about":[{"href":"http:\/\/evolutionhypnose.com\/wordpress\/index.php?rest_route=\/wp\/v2\/types\/page"}],"author":[{"embeddable":true,"href":"http:\/\/evolutionhypnose.com\/wordpress\/index.php?rest_route=\/wp\/v2\/users\/2"}],"replies":[{"embeddable":true,"href":"http:\/\/evolutionhypnose.com\/wordpress\/index.php?rest_route=%2Fwp%2Fv2%2Fcomments&post=260"}],"version-history":[{"count":3,"href":"http:\/\/evolutionhypnose.com\/wordpress\/index.php?rest_route=\/wp\/v2\/pages\/260\/revisions"}],"predecessor-version":[{"id":452,"href":"http:\/\/evolutionhypnose.com\/wordpress\/index.php?rest_route=\/wp\/v2\/pages\/260\/revisions\/452"}],"wp:attachment":[{"href":"http:\/\/evolutionhypnose.com\/wordpress\/index.php?rest_route=%2Fwp%2Fv2%2Fmedia&parent=260"}],"curies":[{"name":"wp","href":"https:\/\/api.w.org\/{rel}","templated":true}]}}