{"id":266,"date":"2020-03-24T13:32:18","date_gmt":"2020-03-24T13:32:18","guid":{"rendered":"http:\/\/evolutionhypnose.com\/wordpress\/?page_id=266"},"modified":"2026-03-25T15:18:19","modified_gmt":"2026-03-25T15:18:19","slug":"angoisse-anxiete-gestion-du-stress","status":"publish","type":"page","link":"https:\/\/evolutionhypnose.com\/wordpress\/?page_id=266","title":{"rendered":"Angoisse, anxi\u00e9t\u00e9, gestion du stress"},"content":{"rendered":"\n<p class=\"has-medium-font-size\">Apprendre \u00e0 mieux g\u00e9rer son stress, ses angoisses ou son anxi\u00e9t\u00e9 pour avancer, pour adapter son temps, ses \u00e9motions et surtout pour se sentir bien et rester en bonne sant\u00e9&#8230; l&#8217;hypnose peut vous aider \u00e0 accomplir tout cela&nbsp;!<\/p>\n\n\n\n<p class=\"has-medium-font-size\">En laissant l&#8217;inconscient trouver une meilleure r\u00e9ponse \u00e0 ces situations qui g\u00e9n\u00e8rent pour vous stress, angoisse ou anxi\u00e9t\u00e9, vous pourrez retrouver des comportements adapt\u00e9s \u00e0 chaque instant de votre vie. Pour retrouver s\u00e9r\u00e9nit\u00e9, sant\u00e9 et \u00e9nergie pour vous-m\u00eame, ainsi que pour votre entourage.<\/p>\n\n\n\n<p class=\"has-medium-font-size\">Le stress est une r\u00e9ponse physiologique normale et qui peut vous aider, apprenez \u00e0 vous le r\u00e9approprier, \u00e0 le dompter et en faire votre alli\u00e9.<\/p>\n\n\n\n<p class=\"has-medium-font-size\">Burn-out, stress, crises d&#8217;angoisse, anxi\u00e9t\u00e9&#8230; sont des probl\u00e9matiques que je rencontre souvent dans mon cabinet, je vous accompagnerai avec plaisir pour que vous puissiez trouver de nouvelles solutions.<\/p>\n\n\n\n<p class=\"has-text-align-center has-white-color has-vivid-cyan-blue-background-color has-text-color has-background has-link-color has-large-font-size wp-elements-5ab944922078714d492c86d135f42448\"><strong><a href=\"https:\/\/evolutionhypnose.com\/wordpress\/?page_id=82\" data-type=\"link\" data-id=\"https:\/\/evolutionhypnose.com\/wordpress\/?page_id=82\">Prenez rendez-vous<\/a><\/strong><\/p>\n\n\n\n<p><\/p>\n","protected":false},"excerpt":{"rendered":"<p>Apprendre \u00e0 mieux g\u00e9rer son stress, ses angoisses ou son anxi\u00e9t\u00e9 pour avancer, pour adapter son temps, ses \u00e9motions et surtout pour se sentir bien et rester en bonne sant\u00e9&#8230;&#8230;<\/p>\n","protected":false},"author":2,"featured_media":0,"parent":0,"menu_order":0,"comment_status":"closed","ping_status":"closed","template":"","meta":{"footnotes":""},"class_list":["post-266","page","type-page","status-publish","hentry"],"_links":{"self":[{"href":"https:\/\/evolutionhypnose.com\/wordpress\/index.php?rest_route=\/wp\/v2\/pages\/266","targetHints":{"allow":["GET"]}}],"collection":[{"href":"https:\/\/evolutionhypnose.com\/wordpress\/index.php?rest_route=\/wp\/v2\/pages"}],"about":[{"href":"https:\/\/evolutionhypnose.com\/wordpress\/index.php?rest_route=\/wp\/v2\/types\/page"}],"author":[{"embeddable":true,"href":"https:\/\/evolutionhypnose.com\/wordpress\/index.php?rest_route=\/wp\/v2\/users\/2"}],"replies":[{"embeddable":true,"href":"https:\/\/evolutionhypnose.com\/wordpress\/index.php?rest_route=%2Fwp%2Fv2%2Fcomments&post=266"}],"version-history":[{"count":3,"href":"https:\/\/evolutionhypnose.com\/wordpress\/index.php?rest_route=\/wp\/v2\/pages\/266\/revisions"}],"predecessor-version":[{"id":445,"href":"https:\/\/evolutionhypnose.com\/wordpress\/index.php?rest_route=\/wp\/v2\/pages\/266\/revisions\/445"}],"wp:attachment":[{"href":"https:\/\/evolutionhypnose.com\/wordpress\/index.php?rest_route=%2Fwp%2Fv2%2Fmedia&parent=266"}],"curies":[{"name":"wp","href":"https:\/\/api.w.org\/{rel}","templated":true}]}}