{"id":76,"date":"2020-03-16T18:23:17","date_gmt":"2020-03-16T18:23:17","guid":{"rendered":"http:\/\/evolutionhypnose.com\/wordpress\/?page_id=76"},"modified":"2026-03-25T15:29:44","modified_gmt":"2026-03-25T15:29:44","slug":"therapie-par-mouvements-alternes","status":"publish","type":"page","link":"https:\/\/evolutionhypnose.com\/wordpress\/?page_id=76","title":{"rendered":"Th\u00e9rapie par mouvements altern\u00e9s (type EMDR)"},"content":{"rendered":"\n<p class=\"has-medium-font-size\">Cette th\u00e9rapie a de nombreux noms (souvent prot\u00e9g\u00e9s par des copyrights) : EMDR, SB (Stimulation Bilat\u00e9rale), MATH&#8230; <\/p>\n\n\n\n<p class=\"has-medium-font-size\">Cependant, le principe reste le m\u00eame et il est tr\u00e8s efficace !<\/p>\n\n\n\n<p class=\"has-medium-font-size\">Personnellement, j&#8217;utilise souvent des tapotements sur les genoux, ce qui permet \u00e0 la personne de fermer les yeux pour se remettre plus facilement dans le souvenir.<\/p>\n\n\n\n<p class=\"has-medium-font-size\">Particuli\u00e8rement pr\u00e9conis\u00e9e en cas de traumatismes, elle permet de dissocier l&#8217;\u00e9motion du souvenir afin de &#8216;dig\u00e9rer&#8217; l&#8217;\u00e9v\u00e9nement. Elle est aussi beaucoup utilis\u00e9e pour un regain de confiance en soi, la gestion des \u00e9motions et la r\u00e9solution des d\u00e9s\u00e9quilibres psychocorporels.<\/p>\n\n\n\n<p class=\"has-medium-font-size\">Le praticien d\u00e9sensibilise un \u00e9v\u00e9nement ou une \u00e9motion n\u00e9gative.<\/p>\n\n\n\n<p class=\"has-medium-font-size\">Pour les personnes ayant subies de graves traumatismes, une phase de stabilisation peut \u00eatre n\u00e9cessaire avant de commencer l&#8217;utilisation de cette technique qui remet en contact avec l&#8217;\u00e9v\u00e9nement.<\/p>\n\n\n\n<p class=\"has-text-align-center has-white-color has-vivid-cyan-blue-background-color has-text-color has-background has-link-color has-large-font-size wp-elements-5ab944922078714d492c86d135f42448\"><strong><a href=\"https:\/\/evolutionhypnose.com\/wordpress\/?page_id=82\" data-type=\"link\" data-id=\"https:\/\/evolutionhypnose.com\/wordpress\/?page_id=82\">Prenez rendez-vous<\/a><\/strong><\/p>\n","protected":false},"excerpt":{"rendered":"<p>Cette th\u00e9rapie a de nombreux noms (souvent prot\u00e9g\u00e9s par des copyrights) : EMDR, SB (Stimulation Bilat\u00e9rale), MATH&#8230; Cependant, le principe reste le m\u00eame et il est tr\u00e8s efficace ! Personnellement,&#8230;<\/p>\n","protected":false},"author":2,"featured_media":0,"parent":0,"menu_order":0,"comment_status":"closed","ping_status":"closed","template":"","meta":{"footnotes":""},"class_list":["post-76","page","type-page","status-publish","hentry"],"_links":{"self":[{"href":"https:\/\/evolutionhypnose.com\/wordpress\/index.php?rest_route=\/wp\/v2\/pages\/76","targetHints":{"allow":["GET"]}}],"collection":[{"href":"https:\/\/evolutionhypnose.com\/wordpress\/index.php?rest_route=\/wp\/v2\/pages"}],"about":[{"href":"https:\/\/evolutionhypnose.com\/wordpress\/index.php?rest_route=\/wp\/v2\/types\/page"}],"author":[{"embeddable":true,"href":"https:\/\/evolutionhypnose.com\/wordpress\/index.php?rest_route=\/wp\/v2\/users\/2"}],"replies":[{"embeddable":true,"href":"https:\/\/evolutionhypnose.com\/wordpress\/index.php?rest_route=%2Fwp%2Fv2%2Fcomments&post=76"}],"version-history":[{"count":3,"href":"https:\/\/evolutionhypnose.com\/wordpress\/index.php?rest_route=\/wp\/v2\/pages\/76\/revisions"}],"predecessor-version":[{"id":474,"href":"https:\/\/evolutionhypnose.com\/wordpress\/index.php?rest_route=\/wp\/v2\/pages\/76\/revisions\/474"}],"wp:attachment":[{"href":"https:\/\/evolutionhypnose.com\/wordpress\/index.php?rest_route=%2Fwp%2Fv2%2Fmedia&parent=76"}],"curies":[{"name":"wp","href":"https:\/\/api.w.org\/{rel}","templated":true}]}}