{"id":78,"date":"2020-03-16T18:23:34","date_gmt":"2020-03-16T18:23:34","guid":{"rendered":"http:\/\/evolutionhypnose.com\/wordpress\/?page_id=78"},"modified":"2026-03-25T15:26:34","modified_gmt":"2026-03-25T15:26:34","slug":"reve-eveille","status":"publish","type":"page","link":"https:\/\/evolutionhypnose.com\/wordpress\/?page_id=78","title":{"rendered":"R\u00eave \u00e9veill\u00e9"},"content":{"rendered":"\n<p class=\"has-medium-font-size\">Le r\u00eave \u00e9veill\u00e9 est une technique qui vous met vraiment au premier plan de votre changement !<br>C&#8217;est dans un \u00e9tat modifi\u00e9 de conscience que vous d\u00e9couvrez toute la richesse de votre inconscient et, selon votre objectif, vous partez \u00e0 l&#8217;exploration de votre int\u00e9rieur.<\/p>\n\n\n\n<p class=\"has-medium-font-size\">Gr\u00e2ce aux symboles, m\u00e9taphores que vous envoie votre inconscient et en \u00e9tant v\u00e9ritablement acteur du changement dans le r\u00eave, vous mobilisez justement les ressources n\u00e9cessaires pour votre objectif.<\/p>\n\n\n\n<p class=\"has-medium-font-size\">Ainsi, en agissant dans le r\u00eave, vous agissez sur votre vie et des compr\u00e9hensions (pas forc\u00e9ment conscientes) en d\u00e9coulent ainsi que de v\u00e9ritables changements dans votre vie.<\/p>\n\n\n\n<figure class=\"wp-block-image\"><img decoding=\"async\" src=\"http:\/\/evolutionhypnose.com\/images\/alice-2902560_1280.jpg?crc=4294081119\" alt=\"\"\/><\/figure>\n\n\n\n<p class=\"has-text-align-center has-white-color has-vivid-cyan-blue-background-color has-text-color has-background has-link-color has-large-font-size wp-elements-5ab944922078714d492c86d135f42448\"><strong><a href=\"https:\/\/evolutionhypnose.com\/wordpress\/?page_id=82\" data-type=\"link\" data-id=\"https:\/\/evolutionhypnose.com\/wordpress\/?page_id=82\">Prenez rendez-vous<\/a><\/strong><\/p>\n","protected":false},"excerpt":{"rendered":"<p>Le r\u00eave \u00e9veill\u00e9 est une technique qui vous met vraiment au premier plan de votre changement !C&#8217;est dans un \u00e9tat modifi\u00e9 de conscience que vous d\u00e9couvrez toute la richesse de&#8230;<\/p>\n","protected":false},"author":2,"featured_media":0,"parent":0,"menu_order":0,"comment_status":"closed","ping_status":"closed","template":"","meta":{"footnotes":""},"class_list":["post-78","page","type-page","status-publish","hentry"],"_links":{"self":[{"href":"https:\/\/evolutionhypnose.com\/wordpress\/index.php?rest_route=\/wp\/v2\/pages\/78","targetHints":{"allow":["GET"]}}],"collection":[{"href":"https:\/\/evolutionhypnose.com\/wordpress\/index.php?rest_route=\/wp\/v2\/pages"}],"about":[{"href":"https:\/\/evolutionhypnose.com\/wordpress\/index.php?rest_route=\/wp\/v2\/types\/page"}],"author":[{"embeddable":true,"href":"https:\/\/evolutionhypnose.com\/wordpress\/index.php?rest_route=\/wp\/v2\/users\/2"}],"replies":[{"embeddable":true,"href":"https:\/\/evolutionhypnose.com\/wordpress\/index.php?rest_route=%2Fwp%2Fv2%2Fcomments&post=78"}],"version-history":[{"count":3,"href":"https:\/\/evolutionhypnose.com\/wordpress\/index.php?rest_route=\/wp\/v2\/pages\/78\/revisions"}],"predecessor-version":[{"id":467,"href":"https:\/\/evolutionhypnose.com\/wordpress\/index.php?rest_route=\/wp\/v2\/pages\/78\/revisions\/467"}],"wp:attachment":[{"href":"https:\/\/evolutionhypnose.com\/wordpress\/index.php?rest_route=%2Fwp%2Fv2%2Fmedia&parent=78"}],"curies":[{"name":"wp","href":"https:\/\/api.w.org\/{rel}","templated":true}]}}