{"id":86,"date":"2020-03-16T18:25:38","date_gmt":"2020-03-16T18:25:38","guid":{"rendered":"http:\/\/evolutionhypnose.com\/wordpress\/?page_id=86"},"modified":"2026-03-25T15:29:28","modified_gmt":"2026-03-25T15:29:28","slug":"tarifs","status":"publish","type":"page","link":"https:\/\/evolutionhypnose.com\/wordpress\/?page_id=86","title":{"rendered":"Tarifs th\u00e9rapie"},"content":{"rendered":"\n<p class=\"has-medium-font-size\">Le prix de la s\u00e9ance est de&nbsp;<strong>70 \u20ac<\/strong>&nbsp;pour les adultes.<\/p>\n\n\n\n<p class=\"has-medium-font-size\">60 \u20ac pour les personnes en difficult\u00e9s financi\u00e8res (ch\u00f4mage, petite retraite&#8230;) et pour les jeunes (enfants, ado et \u00e9tudiants).<\/p>\n\n\n\n<p class=\"has-medium-font-size\"><strong>Consultation \u00e0 domicile<\/strong>&nbsp;possible, merci de me contacter pour un tarif en m&#8217;indiquant votre adresse.<\/p>\n\n\n\n<p class=\"has-medium-font-size\">Consultations \u00e0 domicile aussi pour les&nbsp;<strong>personnes \u00e0 mobilit\u00e9 r\u00e9duite<\/strong>&nbsp;dans un rayon de 20 km, sans frais suppl\u00e9mentaire.<\/p>\n\n\n\n<p class=\"has-medium-font-size\">Certaines mutuelles remboursent vos s\u00e9ances d&#8217;hypnoth\u00e9rapie !  Renseignez-vous aupr\u00e8s de la v\u00f4tre. <\/p>\n\n\n\n<p class=\"has-medium-font-size\">Une facture vous sera d\u00e9livr\u00e9e lors de votre s\u00e9ance sur simple demande.<\/p>\n\n\n\n<p class=\"has-large-font-size\"><strong>Tarif Dream Machine \/ Coh\u00e9rence cardiaque<\/strong><\/p>\n\n\n\n<p>Environ 45 minutes : <strong>30 \u20ac<\/strong><\/p>\n\n\n\n<p class=\"has-text-align-center has-white-color has-vivid-cyan-blue-background-color has-text-color has-background has-link-color has-large-font-size wp-elements-5ab944922078714d492c86d135f42448\"><strong><a href=\"https:\/\/evolutionhypnose.com\/wordpress\/?page_id=82\" data-type=\"link\" data-id=\"https:\/\/evolutionhypnose.com\/wordpress\/?page_id=82\">Prenez rendez-vous<\/a><\/strong><\/p>\n\n\n\n<p><\/p>\n","protected":false},"excerpt":{"rendered":"<p>Le prix de la s\u00e9ance est de&nbsp;70 \u20ac&nbsp;pour les adultes. 60 \u20ac pour les personnes en difficult\u00e9s financi\u00e8res (ch\u00f4mage, petite retraite&#8230;) et pour les jeunes (enfants, ado et \u00e9tudiants). Consultation&#8230;<\/p>\n","protected":false},"author":2,"featured_media":0,"parent":0,"menu_order":0,"comment_status":"closed","ping_status":"closed","template":"","meta":{"footnotes":""},"class_list":["post-86","page","type-page","status-publish","hentry"],"_links":{"self":[{"href":"https:\/\/evolutionhypnose.com\/wordpress\/index.php?rest_route=\/wp\/v2\/pages\/86","targetHints":{"allow":["GET"]}}],"collection":[{"href":"https:\/\/evolutionhypnose.com\/wordpress\/index.php?rest_route=\/wp\/v2\/pages"}],"about":[{"href":"https:\/\/evolutionhypnose.com\/wordpress\/index.php?rest_route=\/wp\/v2\/types\/page"}],"author":[{"embeddable":true,"href":"https:\/\/evolutionhypnose.com\/wordpress\/index.php?rest_route=\/wp\/v2\/users\/2"}],"replies":[{"embeddable":true,"href":"https:\/\/evolutionhypnose.com\/wordpress\/index.php?rest_route=%2Fwp%2Fv2%2Fcomments&post=86"}],"version-history":[{"count":6,"href":"https:\/\/evolutionhypnose.com\/wordpress\/index.php?rest_route=\/wp\/v2\/pages\/86\/revisions"}],"predecessor-version":[{"id":473,"href":"https:\/\/evolutionhypnose.com\/wordpress\/index.php?rest_route=\/wp\/v2\/pages\/86\/revisions\/473"}],"wp:attachment":[{"href":"https:\/\/evolutionhypnose.com\/wordpress\/index.php?rest_route=%2Fwp%2Fv2%2Fmedia&parent=86"}],"curies":[{"name":"wp","href":"https:\/\/api.w.org\/{rel}","templated":true}]}}