{"id":90,"date":"2020-03-16T18:26:48","date_gmt":"2020-03-16T18:26:48","guid":{"rendered":"http:\/\/evolutionhypnose.com\/wordpress\/?page_id=90"},"modified":"2026-03-25T15:12:14","modified_gmt":"2026-03-25T15:12:14","slug":"atelier-conference","status":"publish","type":"page","link":"https:\/\/evolutionhypnose.com\/wordpress\/?page_id=90","title":{"rendered":"Atelier \/ Conf\u00e9rence"},"content":{"rendered":"\n<p class=\"has-medium-font-size\">Pas d&#8217;atelier \/ conf\u00e9rence pr\u00e9vu pour l&#8217;instant.<\/p>\n\n\n\n<p><a href=\"https:\/\/evolutionhypnose.com\/wordpress\/?page_id=82\" data-type=\"link\" data-id=\"https:\/\/evolutionhypnose.com\/wordpress\/?page_id=82\" target=\"_blank\" rel=\"noreferrer noopener\">Contactez-moi<\/a> pour organiser un \u00e9v\u00e9nement !<\/p>\n\n\n\n<p class=\"has-medium-font-size\">Si vous avez envie d&#8217;une s\u00e9ance d&#8217;hypnose collective sur un th\u00e8me particulier, d&#8217;un atelier, vous pouvez me contacter par mail ou t\u00e9l\u00e9phone pour l&#8217;organisation d&#8217;un \u00e9v\u00e9nement<\/p>\n\n\n\n<p class=\"has-medium-font-size\">Vous pouvez retrouver mes vid\u00e9os sur youtube<\/p>\n\n\n\n<figure class=\"wp-block-embed is-type-video is-provider-youtube wp-block-embed-youtube wp-embed-aspect-16-9 wp-has-aspect-ratio\"><div class=\"wp-block-embed__wrapper\">\nhttps:\/\/www.youtube.com\/watch?v=d9PLcvDsIEw&#038;t=13s\n<\/div><\/figure>\n\n\n\n<figure class=\"wp-block-embed is-type-video is-provider-youtube wp-block-embed-youtube wp-embed-aspect-16-9 wp-has-aspect-ratio\"><div class=\"wp-block-embed__wrapper\">\nhttps:\/\/www.youtube.com\/watch?v=XbNaGj_8eBc&#038;t=321s\n<\/div><\/figure>\n","protected":false},"excerpt":{"rendered":"<p>Pas d&#8217;atelier \/ conf\u00e9rence pr\u00e9vu pour l&#8217;instant. Contactez-moi pour organiser un \u00e9v\u00e9nement ! Si vous avez envie d&#8217;une s\u00e9ance d&#8217;hypnose collective sur un th\u00e8me particulier, d&#8217;un atelier, vous pouvez me&#8230;<\/p>\n","protected":false},"author":2,"featured_media":0,"parent":0,"menu_order":0,"comment_status":"closed","ping_status":"closed","template":"","meta":{"footnotes":""},"class_list":["post-90","page","type-page","status-publish","hentry"],"_links":{"self":[{"href":"https:\/\/evolutionhypnose.com\/wordpress\/index.php?rest_route=\/wp\/v2\/pages\/90","targetHints":{"allow":["GET"]}}],"collection":[{"href":"https:\/\/evolutionhypnose.com\/wordpress\/index.php?rest_route=\/wp\/v2\/pages"}],"about":[{"href":"https:\/\/evolutionhypnose.com\/wordpress\/index.php?rest_route=\/wp\/v2\/types\/page"}],"author":[{"embeddable":true,"href":"https:\/\/evolutionhypnose.com\/wordpress\/index.php?rest_route=\/wp\/v2\/users\/2"}],"replies":[{"embeddable":true,"href":"https:\/\/evolutionhypnose.com\/wordpress\/index.php?rest_route=%2Fwp%2Fv2%2Fcomments&post=90"}],"version-history":[{"count":8,"href":"https:\/\/evolutionhypnose.com\/wordpress\/index.php?rest_route=\/wp\/v2\/pages\/90\/revisions"}],"predecessor-version":[{"id":444,"href":"https:\/\/evolutionhypnose.com\/wordpress\/index.php?rest_route=\/wp\/v2\/pages\/90\/revisions\/444"}],"wp:attachment":[{"href":"https:\/\/evolutionhypnose.com\/wordpress\/index.php?rest_route=%2Fwp%2Fv2%2Fmedia&parent=90"}],"curies":[{"name":"wp","href":"https:\/\/api.w.org\/{rel}","templated":true}]}}