{"id":92,"date":"2020-03-16T18:27:29","date_gmt":"2020-03-16T18:27:29","guid":{"rendered":"http:\/\/evolutionhypnose.com\/wordpress\/?page_id=92"},"modified":"2026-03-25T15:25:59","modified_gmt":"2026-03-25T15:25:59","slug":"92-2","status":"publish","type":"page","link":"https:\/\/evolutionhypnose.com\/wordpress\/?page_id=92","title":{"rendered":"Qui suis-je ?"},"content":{"rendered":"\n<p class=\"has-large-font-size\">S\u00e9verine Dixon<\/p>\n\n\n\n<div class=\"wp-block-media-text alignwide\"><figure class=\"wp-block-media-text__media\"><img loading=\"lazy\" decoding=\"async\" width=\"1024\" height=\"896\" src=\"http:\/\/evolutionhypnose.com\/wordpress\/wp-content\/uploads\/2020\/03\/Sev-1024x896.jpg\" alt=\"\" class=\"wp-image-151 size-full\" srcset=\"https:\/\/evolutionhypnose.com\/wordpress\/wp-content\/uploads\/2020\/03\/Sev-1024x896.jpg 1024w, https:\/\/evolutionhypnose.com\/wordpress\/wp-content\/uploads\/2020\/03\/Sev-300x262.jpg 300w, https:\/\/evolutionhypnose.com\/wordpress\/wp-content\/uploads\/2020\/03\/Sev-768x672.jpg 768w, https:\/\/evolutionhypnose.com\/wordpress\/wp-content\/uploads\/2020\/03\/Sev-1536x1344.jpg 1536w, https:\/\/evolutionhypnose.com\/wordpress\/wp-content\/uploads\/2020\/03\/Sev-2048x1792.jpg 2048w\" sizes=\"auto, (max-width: 1024px) 100vw, 1024px\" \/><\/figure><div class=\"wp-block-media-text__content\">\n<p class=\"has-medium-font-size\"> Form\u00e9e \u00e0 l&#8217;institut &#8216;<a href=\"http:\/\/www.motspourmaux.org\/\">Mots pour maux<\/a>&#8216; \u00e0 Grenoble en hypnose Ericksonienne, hypnose humaniste, hypnose analytique et EMDR, je me suis aussi int\u00e9ress\u00e9e \u00e0 d&#8217;autres types d&#8217;hypnoses moins connues en France, comme l&#8217;hypnose Elmanienne et l&#8217;hypnose Kappasienne. <\/p>\n<\/div><\/div>\n\n\n\n<p class=\"has-medium-font-size\">L&#8217;objectif de toutes ces formes d&#8217;hypnose est de comprendre comment aider les personnes le mieux possible. Le but n&#8217;est pas d&#8217;enfermer les diff\u00e9rents types de personnes dans des cases, de les classer ou de les juger. Le but est de comprendre comment la personne qui est devant nous fonctionne pour pouvoir l&#8217;aider au mieux et utiliser ses r\u00e9f\u00e9rences \u00e0 elle ainsi que ses d\u00e9sirs, sans projection.<\/p>\n\n\n\n<p class=\"has-medium-font-size\">L&#8217;\u00e9tude des m\u00e9thodes utilis\u00e9es et des observations faites par les plus grands noms de l&#8217;hypnose me semble vraiment indispensable pour vraiment avoir toutes les cartes en main et pouvoir piocher dans telle ou telle autre technique pour r\u00e9ellement m&#8217;adapter et privil\u00e9gier l&#8217;efficacit\u00e9. Et ainsi cr\u00e9er ma propre fa\u00e7on de travailler, en collaboration totale avec vous.<\/p>\n\n\n\n<p class=\"has-medium-font-size\">La d\u00e9ontologie, l&#8217;\u00e9thique et le non-jugement sont pour moi les conditions de pratique essentielles pour le respect de la personne venant en consultation.<\/p>\n\n\n\n<p class=\"has-medium-font-size\">Tout ce qui est dit lors de la s\u00e9ance reste strictement confidentiel.<\/p>\n\n\n\n<p class=\"has-text-align-center has-white-color has-vivid-cyan-blue-background-color has-text-color has-background has-link-color has-large-font-size wp-elements-5ab944922078714d492c86d135f42448\"><strong><a href=\"https:\/\/evolutionhypnose.com\/wordpress\/?page_id=82\" data-type=\"link\" data-id=\"https:\/\/evolutionhypnose.com\/wordpress\/?page_id=82\">Prenez rendez-vous<\/a><\/strong><\/p>\n\n\n\n<p class=\"has-medium-font-size\"><em>&#8216;La folie, c\u2019est de se comporter de la m\u00eame mani\u00e8re et s\u2019attendre \u00e0 un r\u00e9sultat diff\u00e9rent&#8217;<\/em><\/p>\n\n\n\n<p class=\"has-text-align-right\"><em>Albert Einstein<\/em><\/p>\n","protected":false},"excerpt":{"rendered":"<p>S\u00e9verine Dixon Form\u00e9e \u00e0 l&#8217;institut &#8216;Mots pour maux&#8216; \u00e0 Grenoble en hypnose Ericksonienne, hypnose humaniste, hypnose analytique et EMDR, je me suis aussi int\u00e9ress\u00e9e \u00e0 d&#8217;autres types d&#8217;hypnoses moins connues&#8230;<\/p>\n","protected":false},"author":2,"featured_media":0,"parent":0,"menu_order":0,"comment_status":"closed","ping_status":"closed","template":"","meta":{"footnotes":""},"class_list":["post-92","page","type-page","status-publish","hentry"],"_links":{"self":[{"href":"https:\/\/evolutionhypnose.com\/wordpress\/index.php?rest_route=\/wp\/v2\/pages\/92","targetHints":{"allow":["GET"]}}],"collection":[{"href":"https:\/\/evolutionhypnose.com\/wordpress\/index.php?rest_route=\/wp\/v2\/pages"}],"about":[{"href":"https:\/\/evolutionhypnose.com\/wordpress\/index.php?rest_route=\/wp\/v2\/types\/page"}],"author":[{"embeddable":true,"href":"https:\/\/evolutionhypnose.com\/wordpress\/index.php?rest_route=\/wp\/v2\/users\/2"}],"replies":[{"embeddable":true,"href":"https:\/\/evolutionhypnose.com\/wordpress\/index.php?rest_route=%2Fwp%2Fv2%2Fcomments&post=92"}],"version-history":[{"count":5,"href":"https:\/\/evolutionhypnose.com\/wordpress\/index.php?rest_route=\/wp\/v2\/pages\/92\/revisions"}],"predecessor-version":[{"id":465,"href":"https:\/\/evolutionhypnose.com\/wordpress\/index.php?rest_route=\/wp\/v2\/pages\/92\/revisions\/465"}],"wp:attachment":[{"href":"https:\/\/evolutionhypnose.com\/wordpress\/index.php?rest_route=%2Fwp%2Fv2%2Fmedia&parent=92"}],"curies":[{"name":"wp","href":"https:\/\/api.w.org\/{rel}","templated":true}]}}